{"id":21,"date":"2022-01-05T10:21:41","date_gmt":"2022-01-05T10:21:41","guid":{"rendered":"http:\/\/wpcharming.wpengine.com\/construction\/?page_id=21"},"modified":"2022-01-19T11:27:37","modified_gmt":"2022-01-19T11:27:37","slug":"who-we-are","status":"publish","type":"page","link":"https:\/\/mtp-sa.net\/?page_id=21","title":{"rendered":"Qui sommes-nous ?"},"content":{"rendered":"<p>[vc_row padding_top=&#8221;10&#8243; padding_bottom=&#8221;10&#8243;][vc_column width=&#8221;1\/2&#8243;]\n\t<div class=\"wpb_content_element featured-box \" >\n\t\t\t<div class=\"featured-box-thumb\"><img decoding=\"async\" src=\"https:\/\/i0.wp.com\/mtp-sa.net\/wp-content\/uploads\/2022\/01\/IMG_7297-scaled.jpg?resize=600%2C300&ssl=1\">\n\t\t\t<\/div>\n\t<\/div>\n\t<div class=\"custom-heading wpb_content_element  heading-medium\">\n\t\t<h2 class=\"heading-title\" >NOTRE SOCIETE<\/h2>\n\t\t<span class=\"heading-line primary\"><\/span>\n\t<\/div>[vc_column_text]L\u2019Entreprise MEGA TRAVAUX PUBLICS ET PARTICULIERS (MTP Sa), a \u00e9t\u00e9 cr\u00e9\u00e9e en 2009 par un jeune ing\u00e9nieur dot\u00e9 d\u2019un Mast\u00e8re en G\u00e9nie Civil Europ\u00e9en sp\u00e9cialis\u00e9 en Infrastructure des Transports de l\u2019Ecole Nationale des Ponts et Chauss\u00e9e de Paris.<\/p>\n<p>MTP s\u2019est assign\u00e9 comme mission de proposer \u00e0 sa client\u00e8le (Etat, agences d\u2019ex\u00e9cution, des collectivit\u00e9s territoriales, associations, particuliers) un service de qualit\u00e9, sur mesure selon les r\u00e8gles de l\u2019art, et dans les d\u00e9lais contractuels.[\/vc_column_text][\/vc_column][vc_column width=&#8221;1\/2&#8243;][vc_single_image image=&#8221;5068&#8243; img_size=&#8221;medium-thumb&#8221;]\n\t<div class=\"custom-heading wpb_content_element  heading-medium\">\n\t\t<h2 class=\"heading-title\" >NOS ATOUTS<\/h2>\n\t\t<span class=\"heading-line primary\"><\/span>\n\t<\/div>[vc_column_text]Un personnel qualifi\u00e9, jeune et dynamique avec une exp\u00e9rience riche en techniques de construction d\u2019ouvrages.<\/p>\n<p>Un parc mat\u00e9riel cons\u00e9quent avec des engins de diff\u00e9rentes cat\u00e9gories. Une capacit\u00e9 d\u2019intervention dans les pays de l\u2019Afrique sub-saharienne.<\/p>\n<p>La prise en compte syst\u00e9matique des r\u00e9alit\u00e9s \u00e9conomiques et culturelles dans chacune de nos interventions.[\/vc_column_text][\/vc_column][\/vc_row][vc_row padding_bottom=&#8221;0&#8243;][vc_column]\n\t<div class=\"custom-heading wpb_content_element  heading-medium\" style=\"margin-bottom: -10px;\">\n\t\t<h2 class=\"heading-title\" >NOTRE EQUIPE<\/h2>\n\t\t<span class=\"heading-line primary\"><\/span>\n\t<\/div>[\/vc_column][\/vc_row][vc_row padding_bottom=&#8221;20&#8243;][vc_column width=&#8221;1\/3&#8243;][vc_single_image image=&#8221;5070&#8243; img_size=&#8221;medium-thumb&#8221;][vc_column_text]<\/p>\n<h3 style=\"margin-top: -25px; margin-bottom: 0px;\"><strong>Eihman SISSAKO<\/strong><\/h3>\n<p><i>Pr\u00e9sident Directeur G\u00e9n\u00e9ral<\/i>[\/vc_column_text][\/vc_column][vc_column width=&#8221;1\/3&#8243;][vc_single_image image=&#8221;5071&#8243; img_size=&#8221;medium-thumb&#8221;][vc_column_text]<\/p>\n<h3 style=\"margin-top: -25px; margin-bottom: 0px;\"><strong>DIA Ina MARIKO<\/strong><\/h3>\n<p><i>Responsable Administratif et Financier<\/i>[\/vc_column_text][\/vc_column][vc_column width=&#8221;1\/3&#8243;][vc_single_image image=&#8221;5072&#8243; img_size=&#8221;medium-thumb&#8221;][vc_column_text]<\/p>\n<h3 style=\"margin-top: -25px; margin-bottom: 0px;\"><b>Emeran GNABEU<\/b><\/h3>\n<p><i>Responsable Travaux<\/i>[\/vc_column_text][\/vc_column][\/vc_row]<\/p>\n","protected":false},"excerpt":{"rendered":"<p>[vc_row padding_top=&#8221;10&#8243; padding_bottom=&#8221;10&#8243;][vc_column width=&#8221;1\/2&#8243;][vc_column_text]L\u2019Entreprise MEGA TRAVAUX PUBLICS ET PARTICULIERS (MTP Sa), a \u00e9t\u00e9 cr\u00e9\u00e9e en 2009 par un jeune ing\u00e9nieur dot\u00e9 &#8230;<\/p>\n","protected":false},"author":1,"featured_media":0,"parent":0,"menu_order":0,"comment_status":"open","ping_status":"open","template":"","meta":{"advanced_seo_description":"","jetpack_seo_html_title":"","jetpack_seo_noindex":false,"footnotes":""},"class_list":["post-21","page","type-page","status-publish","hentry"],"jetpack-related-posts":[],"jetpack_sharing_enabled":true,"_links":{"self":[{"href":"https:\/\/mtp-sa.net\/index.php?rest_route=\/wp\/v2\/pages\/21","targetHints":{"allow":["GET"]}}],"collection":[{"href":"https:\/\/mtp-sa.net\/index.php?rest_route=\/wp\/v2\/pages"}],"about":[{"href":"https:\/\/mtp-sa.net\/index.php?rest_route=\/wp\/v2\/types\/page"}],"author":[{"embeddable":true,"href":"https:\/\/mtp-sa.net\/index.php?rest_route=\/wp\/v2\/users\/1"}],"replies":[{"embeddable":true,"href":"https:\/\/mtp-sa.net\/index.php?rest_route=%2Fwp%2Fv2%2Fcomments&post=21"}],"version-history":[{"count":9,"href":"https:\/\/mtp-sa.net\/index.php?rest_route=\/wp\/v2\/pages\/21\/revisions"}],"predecessor-version":[{"id":5093,"href":"https:\/\/mtp-sa.net\/index.php?rest_route=\/wp\/v2\/pages\/21\/revisions\/5093"}],"wp:attachment":[{"href":"https:\/\/mtp-sa.net\/index.php?rest_route=%2Fwp%2Fv2%2Fmedia&parent=21"}],"curies":[{"name":"wp","href":"https:\/\/api.w.org\/{rel}","templated":true}]}}